{"id":700,"date":"2022-04-05T19:06:24","date_gmt":"2022-04-05T19:06:24","guid":{"rendered":"http:\/\/bioceanica.ind.br\/?page_id=700"},"modified":"2024-03-21T12:47:00","modified_gmt":"2024-03-21T12:47:00","slug":"servicos","status":"publish","type":"page","link":"https:\/\/bioceanica.ind.br\/index.php\/servicos\/","title":{"rendered":"Servi\u00e7os"},"content":{"rendered":"\n<div class=\"wp-block-cover\"><span aria-hidden=\"true\" class=\"wp-block-cover__gradient-background has-midnight-gradient-background has-background-dim has-background-gradient\"><\/span><img loading=\"lazy\" decoding=\"async\" width=\"1280\" height=\"720\" class=\"wp-block-cover__image-background wp-image-704\" alt=\"\" src=\"http:\/\/bioceanica.ind.br\/wp-content\/uploads\/2022\/04\/container.jpeg\" data-object-fit=\"cover\" srcset=\"https:\/\/bioceanica.ind.br\/wp-content\/uploads\/2022\/04\/container.jpeg 1280w, https:\/\/bioceanica.ind.br\/wp-content\/uploads\/2022\/04\/container-300x169.jpeg 300w, https:\/\/bioceanica.ind.br\/wp-content\/uploads\/2022\/04\/container-1024x576.jpeg 1024w, https:\/\/bioceanica.ind.br\/wp-content\/uploads\/2022\/04\/container-768x432.jpeg 768w\" sizes=\"auto, (max-width: 1280px) 100vw, 1280px\" \/><div class=\"wp-block-cover__inner-container is-layout-flow wp-block-cover-is-layout-flow\">\n<h1 class=\"has-text-align-center has-white-color has-text-color wp-block-heading\">SERVI\u00c7OS<\/h1>\n\n\n\n<p class=\"has-text-align-center minha-classe-padding\">Importa\u00e7\u00e3o, exporta\u00e7\u00e3o, assessoria de log\u00edstica.<\/p>\n<\/div><\/div>\n\n\n\n<div style=\"height:50px\" aria-hidden=\"true\" class=\"wp-block-spacer\"><\/div>\n\n\n\n<div class=\"wp-block-columns is-layout-flex wp-container-core-columns-is-layout-1 wp-block-columns-is-layout-flex\">\n<div class=\"wp-block-column is-layout-flow wp-block-column-is-layout-flow\">\n<h2 class=\"has-text-align-center wp-block-heading\">Servi\u00e7o de <span style=\"color: #0f57fb;\">Trading<\/span><\/h2>\n\n\n\n<div style=\"height:50px\" aria-hidden=\"true\" class=\"wp-block-spacer\"><\/div>\n\n\n\n<p class=\"has-text-align-center\">Auxiliamos sua empresa em <em>processos de importa\u00e7\u00e3o e exporta\u00e7\u00e3o<\/em>. Promovendo a intermedia\u00e7\u00e3o entre empresas brasileiras que gostariam de importar produtos de outros pa\u00edses. Atrav\u00e9s da modalidade de importa\u00e7\u00e3o por conta em ordem, buscamos oferecer um <strong>servi\u00e7o de confian\u00e7a, seguran\u00e7a e agilidade<\/strong> ao nosso cliente importador.<\/p>\n\n\n\n<p class=\"has-text-align-center\">Al\u00e9m deste servi\u00e7o, oferecemos tamb\u00e9m a <em>assessoria em contrata\u00e7\u00e3o de log\u00edstica<\/em> para suas cargas, indicando um <strong>atendimento acess\u00edvel, \u00e1gil e seguro<\/strong>.<\/p>\n<\/div>\n<\/div>\n\n\n\n<div style=\"height:50px\" aria-hidden=\"true\" class=\"wp-block-spacer\"><\/div>\n\n\n\n<div class=\"wp-block-columns is-layout-flex wp-container-core-columns-is-layout-4 wp-block-columns-is-layout-flex\">\n<div class=\"wp-block-column is-layout-flow wp-block-column-is-layout-flow\">\n<h3 class=\"has-text-align-center\">Veja tamb\u00e9m nossos <span style=\"color: #0f57fb;\">produtos<\/span><\/h3>\n\n\n\n<div class=\"wp-block-columns is-layout-flex wp-container-core-columns-is-layout-2 wp-block-columns-is-layout-flex\">\n<div class=\"wp-block-column is-layout-flow wp-block-column-is-layout-flow\" style=\"flex-basis:25%\"><\/div>\n\n\n\n<div class=\"wp-block-column is-layout-flow wp-block-column-is-layout-flow\" style=\"flex-basis:50%\">\n<p class=\"has-text-align-center\">Nossa <strong>miss\u00e3o<\/strong> \u00e9 ser a ponte segura entre o fabricante estrangeiro e cliente nacional. Oferecendo produtos e servi\u00e7os de qualidade para atender a demanda brasileira.<\/p>\n<\/div>\n\n\n\n<div class=\"wp-block-column is-layout-flow wp-block-column-is-layout-flow\" style=\"flex-basis:25%\"><\/div>\n<\/div>\n\n\n\n<div class=\"wp-block-columns is-layout-flex wp-container-core-columns-is-layout-3 wp-block-columns-is-layout-flex\">\n<div class=\"wp-block-column is-layout-flow wp-block-column-is-layout-flow\">\n<figure class=\"wp-block-image size-large is-style-default\"><img loading=\"lazy\" decoding=\"async\" width=\"1024\" height=\"1024\" src=\"http:\/\/bioceanica.ind.br\/wp-content\/uploads\/2022\/03\/art_56f3f41320446-1-1024x1024.jpg\" alt=\"\" class=\"wp-image-549\" srcset=\"https:\/\/bioceanica.ind.br\/wp-content\/uploads\/2022\/03\/art_56f3f41320446-1.jpg 1024w, https:\/\/bioceanica.ind.br\/wp-content\/uploads\/2022\/03\/art_56f3f41320446-1-300x300.jpg 300w, https:\/\/bioceanica.ind.br\/wp-content\/uploads\/2022\/03\/art_56f3f41320446-1-150x150.jpg 150w, https:\/\/bioceanica.ind.br\/wp-content\/uploads\/2022\/03\/art_56f3f41320446-1-768x768.jpg 768w, https:\/\/bioceanica.ind.br\/wp-content\/uploads\/2022\/03\/art_56f3f41320446-1-100x100.jpg 100w\" sizes=\"auto, (max-width: 1024px) 100vw, 1024px\" \/><\/figure>\n\n\n\n<h3 class=\"has-text-align-center wp-block-heading\">GARRAFAS PARA VINHOS<\/h3>\n\n\n\n<p class=\"has-text-align-center\">Garrafas ideais para vinhos.<\/p>\n\n\n\n<div class=\"wp-block-buttons is-content-justification-center is-layout-flex wp-container-core-buttons-is-layout-1 wp-block-buttons-is-layout-flex\">\n<div class=\"wp-block-button\"><a class=\"wp-block-button__link\" href=\"http:\/\/bioceanica.ind.br\/index.php\/garrafas\/\" style=\"border-radius:15px\">Ver mais<\/a><\/div>\n<\/div>\n<\/div>\n\n\n\n<div class=\"wp-block-column is-layout-flow wp-block-column-is-layout-flow\">\n<figure class=\"wp-block-image size-large is-style-default\"><img loading=\"lazy\" decoding=\"async\" width=\"1024\" height=\"1024\" src=\"http:\/\/bioceanica.ind.br\/wp-content\/uploads\/2022\/03\/cat_garrafa-espumante-14857-1024x1024.png\" alt=\"\" class=\"wp-image-619\" srcset=\"https:\/\/bioceanica.ind.br\/wp-content\/uploads\/2022\/03\/cat_garrafa-espumante-14857-1024x1024.png 1024w, https:\/\/bioceanica.ind.br\/wp-content\/uploads\/2022\/03\/cat_garrafa-espumante-14857-300x300.png 300w, https:\/\/bioceanica.ind.br\/wp-content\/uploads\/2022\/03\/cat_garrafa-espumante-14857-150x150.png 150w, https:\/\/bioceanica.ind.br\/wp-content\/uploads\/2022\/03\/cat_garrafa-espumante-14857-768x768.png 768w, https:\/\/bioceanica.ind.br\/wp-content\/uploads\/2022\/03\/cat_garrafa-espumante-14857-100x100.png 100w, https:\/\/bioceanica.ind.br\/wp-content\/uploads\/2022\/03\/cat_garrafa-espumante-14857.png 1250w\" sizes=\"auto, (max-width: 1024px) 100vw, 1024px\" \/><\/figure>\n\n\n\n<h3 class=\"has-text-align-center wp-block-heading\">GARRAFAS PARA ESPUMANTES<\/h3>\n\n\n\n<p class=\"has-text-align-center\">Garrafas de alta qualidade para espumantes.<\/p>\n\n\n\n<div class=\"wp-block-buttons is-content-justification-center is-layout-flex wp-container-core-buttons-is-layout-2 wp-block-buttons-is-layout-flex\">\n<div class=\"wp-block-button\"><a class=\"wp-block-button__link\" href=\"https:\/\/bioceanica.ind.br\/index.php\/garrafas\/\" style=\"border-radius:15px\">Ver mais<\/a><\/div>\n<\/div>\n<\/div>\n\n\n\n<div class=\"wp-block-column is-layout-flow wp-block-column-is-layout-flow\">\n<figure class=\"wp-block-image size-large is-style-default\"><img loading=\"lazy\" decoding=\"async\" width=\"1024\" height=\"1024\" src=\"http:\/\/bioceanica.ind.br\/wp-content\/uploads\/2022\/03\/cat_garrafa-azeite-17548-1024x1024.png\" alt=\"\" class=\"wp-image-608\" srcset=\"https:\/\/bioceanica.ind.br\/wp-content\/uploads\/2022\/03\/cat_garrafa-azeite-17548-1024x1024.png 1024w, https:\/\/bioceanica.ind.br\/wp-content\/uploads\/2022\/03\/cat_garrafa-azeite-17548-300x300.png 300w, https:\/\/bioceanica.ind.br\/wp-content\/uploads\/2022\/03\/cat_garrafa-azeite-17548-150x150.png 150w, https:\/\/bioceanica.ind.br\/wp-content\/uploads\/2022\/03\/cat_garrafa-azeite-17548-768x768.png 768w, https:\/\/bioceanica.ind.br\/wp-content\/uploads\/2022\/03\/cat_garrafa-azeite-17548-100x100.png 100w, https:\/\/bioceanica.ind.br\/wp-content\/uploads\/2022\/03\/cat_garrafa-azeite-17548.png 1250w\" sizes=\"auto, (max-width: 1024px) 100vw, 1024px\" \/><\/figure>\n\n\n\n<h3 class=\"has-text-align-center wp-block-heading\">GARRAFAS PARA AZEITES<\/h3>\n\n\n\n<p class=\"has-text-align-center\">As melhores garrafas para azeites.<\/p>\n\n\n\n<div class=\"wp-block-buttons is-content-justification-center is-layout-flex wp-container-core-buttons-is-layout-3 wp-block-buttons-is-layout-flex\">\n<div class=\"wp-block-button\"><a class=\"wp-block-button__link\" href=\"https:\/\/bioceanica.ind.br\/index.php\/garrafas\/\" style=\"border-radius:15px\">Ver mais<\/a><\/div>\n<\/div>\n<\/div>\n<\/div>\n<\/div>\n<\/div>\n\n\n\n<p><\/p>\n","protected":false},"excerpt":{"rendered":"<p>Servi\u00e7o de Trading Auxiliamos sua empresa em processos de importa\u00e7\u00e3o e exporta\u00e7\u00e3o. Promovendo a intermedia\u00e7\u00e3o entre empresas brasileiras que gostariam de importar produtos de outros pa\u00edses. Atrav\u00e9s da modalidade de importa\u00e7\u00e3o por conta em ordem, buscamos oferecer um servi\u00e7o de confian\u00e7a, seguran\u00e7a e agilidade ao nosso cliente importador. Al\u00e9m deste servi\u00e7o, oferecemos tamb\u00e9m a assessoria &hellip;<\/p>\n<p class=\"read-more\"> <a class=\"\" href=\"https:\/\/bioceanica.ind.br\/index.php\/servicos\/\"> <span class=\"screen-reader-text\">Servi\u00e7os<\/span> Read More &raquo;<\/a><\/p>\n","protected":false},"author":1,"featured_media":0,"parent":0,"menu_order":0,"comment_status":"closed","ping_status":"closed","template":"","meta":{"site-sidebar-layout":"default","site-content-layout":"plain-container","ast-main-header-display":"","ast-hfb-above-header-display":"","ast-hfb-below-header-display":"","ast-hfb-mobile-header-display":"","site-post-title":"disabled","ast-breadcrumbs-content":"","ast-featured-img":"","footer-sml-layout":"","theme-transparent-header-meta":"","adv-header-id-meta":"","stick-header-meta":"","header-above-stick-meta":"","header-main-stick-meta":"","header-below-stick-meta":"","spay_email":"","footnotes":""},"class_list":["post-700","page","type-page","status-publish","hentry"],"_links":{"self":[{"href":"https:\/\/bioceanica.ind.br\/index.php\/wp-json\/wp\/v2\/pages\/700","targetHints":{"allow":["GET"]}}],"collection":[{"href":"https:\/\/bioceanica.ind.br\/index.php\/wp-json\/wp\/v2\/pages"}],"about":[{"href":"https:\/\/bioceanica.ind.br\/index.php\/wp-json\/wp\/v2\/types\/page"}],"author":[{"embeddable":true,"href":"https:\/\/bioceanica.ind.br\/index.php\/wp-json\/wp\/v2\/users\/1"}],"replies":[{"embeddable":true,"href":"https:\/\/bioceanica.ind.br\/index.php\/wp-json\/wp\/v2\/comments?post=700"}],"version-history":[{"count":27,"href":"https:\/\/bioceanica.ind.br\/index.php\/wp-json\/wp\/v2\/pages\/700\/revisions"}],"predecessor-version":[{"id":1110,"href":"https:\/\/bioceanica.ind.br\/index.php\/wp-json\/wp\/v2\/pages\/700\/revisions\/1110"}],"wp:attachment":[{"href":"https:\/\/bioceanica.ind.br\/index.php\/wp-json\/wp\/v2\/media?parent=700"}],"curies":[{"name":"wp","href":"https:\/\/api.w.org\/{rel}","templated":true}]}}